-- https://www.phpmyadmin.net/
--

START TRANSACTION;



--
-- Database: `laravel_project_db`
--

-- --------------------------------------------------------

--
-- Table structure for table `books`
--

CREATE TABLE `books` (
  `id` bigint(20) UNSIGNED NOT NULL,
  `title` varchar(255) NOT NULL,
  `description` longtext NOT NULL,
  `country_id` int(11) NOT NULL,
  `stocks` int(11) NOT NULL,
  `amount` decimal(8,2) NOT NULL,
  `photo` varchar(255) NOT NULL,
  `created_at` timestamp NULL DEFAULT NULL,
  `updated_at` timestamp NULL DEFAULT NULL
) ENGINE=InnoDB DEFAULT CHARSET=utf8mb4 COLLATE=utf8mb4_unicode_ci;

--
-- Dumping data for table `books`
--

INSERT INTO `books` (`id`, `title`, `description`, `country_id`, `stocks`, `amount`, `photo`, `created_at`, `updated_at`) VALUES
(1, 'Nihil atque sit ut debitis odio quibusdam.', 'Veniam totam aut aut nihil reiciendis. Nemo nobis aperiam facilis ea placeat. Ab ipsam explicabo qui aut sit.', 452796, 1, 9011.28, 'https://via.placeholder.com/640x480.png/00eeff?text=animals+magnam', '2024-09-18 03:08:07', '2024-09-18 03:08:07'),
(2, 'Aspernatur ipsum earum et et.', 'In numquam ut et odio qui quo. Quam ipsum sed quibusdam voluptates aut modi. Placeat error et neque.', 422678, 0, 4028.82, 'https://via.placeholder.com/640x480.png/008888?text=animals+cum', '2024-09-18 03:08:07', '2024-09-18 03:08:07'),
(3, 'Beatae quos a in voluptatem beatae vero.', 'Quod alias temporibus asperiores nostrum sunt aut qui. Praesentium molestiae dolores ipsam quia aut. Fugiat ut aperiam et expedita accusamus temporibus.', 429296, 9, 6534.74, 'https://via.placeholder.com/640x480.png/002244?text=animals+ipsum', '2024-09-18 03:08:07', '2024-09-18 03:08:07'),
(4, 'Sit alias rerum voluptas id.', 'Aspernatur dolorum harum vitae quod ut. Qui soluta quod et cumque repellendus esse perferendis.', 568722, 8, 3062.62, 'https://via.placeholder.com/640x480.png/007700?text=animals+voluptatem', '2024-09-18 03:08:07', '2024-09-18 03:08:07'),
(5, 'Veniam ex non neque quo nostrum.', 'Harum sint blanditiis suscipit similique sit. Itaque cupiditate eligendi ducimus hic officia architecto. Eveniet quia ullam ut et corporis dolorum. Hic ea iste ut dicta eligendi consequatur.', 553580, 9, 2748.32, 'https://via.placeholder.com/640x480.png/000066?text=animals+incidunt', '2024-09-18 03:08:07', '2024-09-18 03:08:07'),
(6, 'Iste ad ut voluptatum dicta.', 'Laudantium accusamus nesciunt a consequatur unde. Illum enim aut suscipit voluptatem mollitia vero illum.', 172850, 6, 1981.85, 'https://via.placeholder.com/640x480.png/0033cc?text=animals+quas', '2024-09-18 03:08:07', '2024-09-18 03:08:07'),
(7, 'Molestias voluptates eum ipsam.', 'Deserunt deleniti sed nostrum tenetur. Illo omnis autem consequatur. Et qui minus ut illo consectetur.', 73270, 8, 4521.77, 'https://via.placeholder.com/640x480.png/000044?text=animals+delectus', '2024-09-18 03:08:07', '2024-09-18 03:08:07'),
(8, 'Rem nemo commodi ducimus totam nobis.', 'Tenetur quia dolor repellendus nobis. Officia voluptatum laboriosam rem quidem molestiae. Ullam sed esse facilis. Explicabo eum consequatur sapiente hic aspernatur illum. Aut eligendi est officia.', 230622, 3, 2710.78, 'https://via.placeholder.com/640x480.png/004422?text=animals+quibusdam', '2024-09-18 03:08:07', '2024-09-18 03:08:07'),
(9, 'Nobis esse voluptatem ut id.', 'Dolores odit tempore tempora in. Et dolores eligendi ipsum tempora laborum. Consequuntur voluptas veniam exercitationem est eius ut facilis. Veniam magnam officia aspernatur nulla consequatur.', 965249, 2, 7617.86, 'https://via.placeholder.com/640x480.png/00ee66?text=animals+aut', '2024-09-18 03:08:07', '2024-09-18 03:08:07'),
(10, 'Minus accusantium doloribus pariatur.', 'Vero fugiat consectetur laudantium officiis molestiae ducimus sed. Exercitationem quis tempora molestiae neque sunt ullam iusto architecto. Veniam omnis iste iure nostrum et.', 36094, 3, 1528.07, 'https://via.placeholder.com/640x480.png/00bb77?text=animals+et', '2024-09-18 03:08:07', '2024-09-18 03:08:07'),
(11, 'Labore nihil in et sapiente consequuntur quam.', 'Sit ipsa ad quos ipsum illo consequatur. Quae maxime voluptas aliquid rerum placeat laudantium tenetur. Pariatur aliquam voluptatibus atque minima ducimus.', 333714, 5, 8974.76, 'https://via.placeholder.com/640x480.png/00ddbb?text=animals+commodi', '2024-09-18 03:08:07', '2024-09-18 03:08:07'),
(12, 'Placeat numquam dolore hic animi ut.', 'Nisi ipsam eos nesciunt fuga minima. Sed eius qui sed est vero rerum id quis. Et iste possimus et quam sint.', 937348, 1, 2689.11, 'https://via.placeholder.com/640x480.png/007733?text=animals+et', '2024-09-18 03:08:07', '2024-09-18 03:08:07'),
(13, 'Cumque rerum non esse quod.', 'Sed et dolores officiis reiciendis enim dolorem. Qui vitae et est accusamus. Quaerat sit itaque velit velit omnis.', 15693, 9, 4986.35, 'https://via.placeholder.com/640x480.png/0088aa?text=animals+officiis', '2024-09-18 03:08:07', '2024-09-18 03:08:07'),
(14, 'Eveniet nihil officiis voluptatem eum.', 'Aut non deleniti consequatur totam quia. Sed ab quidem est dignissimos. Voluptas temporibus voluptatem dolorem quas maiores.', 787670, 6, 4341.36, 'https://via.placeholder.com/640x480.png/0011bb?text=animals+qui', '2024-09-18 03:08:07', '2024-09-18 03:08:07'),
(15, 'Autem suscipit praesentium nihil laudantium pariatur ut.', 'Tempore asperiores enim est consequatur. Aut ea ut aperiam assumenda amet quam vitae eum. Odio et dolorum unde ut. Nemo magni sunt amet minus necessitatibus eos.', 85472, 7, 9616.56, 'https://via.placeholder.com/640x480.png/002288?text=animals+illum', '2024-09-18 03:08:07', '2024-09-18 03:08:07'),
(16, 'Eum dolores est ratione veniam repellendus natus aspernatur.', 'Aut magni nesciunt voluptatem maiores mollitia. Ea non fuga debitis at. Laudantium magnam doloremque cum est accusamus alias id.', 227076, 4, 6130.38, 'https://via.placeholder.com/640x480.png/0022bb?text=animals+non', '2024-09-18 03:08:07', '2024-09-18 03:08:07'),
(17, 'Sint amet sunt nobis itaque.', 'Tempore totam voluptatem omnis. Dolores veniam numquam ea quaerat est sed optio. Possimus quam sunt laudantium ullam molestiae aut odio.', 875974, 7, 9938.69, 'https://via.placeholder.com/640x480.png/0000cc?text=animals+occaecati', '2024-09-18 03:08:07', '2024-09-18 03:08:07'),
(18, 'Molestiae corrupti ipsa sed adipisci fugit.', 'Harum repudiandae molestias non sit. Unde occaecati incidunt ut repudiandae. Excepturi sed ducimus numquam excepturi.', 413083, 7, 6538.02, 'https://via.placeholder.com/640x480.png/0044ee?text=animals+sequi', '2024-09-18 03:08:07', '2024-09-18 03:08:07'),
(19, 'Blanditiis perspiciatis et rerum illum labore.', 'In quia impedit consequatur ipsa sequi dolorum. Amet ipsam aut modi occaecati itaque. Quod ut omnis incidunt atque. Natus odit voluptates officiis exercitationem.', 504459, 5, 2920.47, 'https://via.placeholder.com/640x480.png/0099cc?text=animals+sed', '2024-09-18 03:08:07', '2024-09-18 03:08:07'),
(20, 'Quis vel ut eos.', 'Delectus asperiores quo dignissimos ut est blanditiis. Sunt ut iusto enim rerum aspernatur et. Quisquam iste molestias numquam et nobis eum est quo.', 21753, 1, 677.90, 'https://via.placeholder.com/640x480.png/008866?text=animals+libero', '2024-09-18 03:08:07', '2024-09-18 03:08:07'),
(21, 'Consectetur facilis sapiente aut quisquam sint.', 'Natus expedita iusto velit porro in nostrum. Optio ut neque vel et. Sit possimus culpa sed ea nisi rerum. Odit voluptatibus est quia atque rerum. Quo qui architecto ea et ea ut.', 757712, 1, 5370.15, 'https://via.placeholder.com/640x480.png/006622?text=animals+tenetur', '2024-09-18 03:08:07', '2024-09-18 03:08:07'),
(22, 'Quia quam eos officiis minus et ipsam.', 'Nisi et non veritatis facere consequatur quas explicabo. Voluptatem consectetur facilis id accusantium voluptatem. Sit sunt qui nostrum ut.', 850926, 9, 617.70, 'https://via.placeholder.com/640x480.png/002299?text=animals+error', '2024-09-18 03:08:07', '2024-09-18 03:08:07'),
(23, 'Doloremque eaque perspiciatis et est.', 'Dolor suscipit eius commodi est quos accusamus. Labore itaque autem et ut quia voluptatem. Ut ut autem voluptatum incidunt soluta et. Qui nostrum velit nisi quae dignissimos sed.', 589932, 1, 199.37, 'https://via.placeholder.com/640x480.png/00ccaa?text=animals+vel', '2024-09-18 03:08:07', '2024-09-18 03:08:07'),
(24, 'Est possimus quas veniam saepe minus.', 'Odit voluptas temporibus dolorem id exercitationem ratione quo. Neque cupiditate ea possimus natus amet.', 674010, 5, 4891.74, 'https://via.placeholder.com/640x480.png/008822?text=animals+enim', '2024-09-18 03:08:07', '2024-09-18 03:08:07'),
(25, 'Soluta facere eaque quod quam earum inventore.', 'Nostrum rerum qui alias. Necessitatibus tempora vero molestias ipsam error. Quae odio qui porro sint sit eum. Officiis et tenetur laboriosam facilis.', 172429, 9, 4800.14, 'https://via.placeholder.com/640x480.png/00ccaa?text=animals+impedit', '2024-09-18 03:08:07', '2024-09-18 03:08:07'),
(26, 'Est libero hic ab eos culpa recusandae quae.', 'Maiores aut autem ipsam recusandae vitae. Architecto porro perferendis numquam eius culpa eveniet. Atque asperiores tenetur suscipit qui molestias quo.', 630445, 9, 2632.86, 'https://via.placeholder.com/640x480.png/00ccaa?text=animals+aut', '2024-09-18 03:08:07', '2024-09-18 03:08:07'),
(27, 'Et voluptas ipsa beatae ab qui recusandae qui.', 'Quo eum neque et quo. Ullam sed unde omnis voluptatem ut ex et. Nesciunt alias quasi minima.', 112976, 2, 7169.39, 'https://via.placeholder.com/640x480.png/0088bb?text=animals+a', '2024-09-18 03:08:07', '2024-09-18 03:08:07'),
(28, 'Tenetur occaecati cumque id.', 'Quia aliquam assumenda laborum voluptas explicabo nemo. Et qui vel error et aut ullam. Consequuntur et possimus maxime omnis. Ratione earum vitae et.', 511967, 4, 3649.85, 'https://via.placeholder.com/640x480.png/00ee55?text=animals+sed', '2024-09-18 03:08:07', '2024-09-18 03:08:07'),
(29, 'Tempora expedita dolorem sit porro porro.', 'Praesentium aut odit quod minima. Et sapiente a aperiam quasi sapiente nobis. Illo rem eius harum non consequatur quisquam sint.', 594906, 5, 1016.69, 'https://via.placeholder.com/640x480.png/004477?text=animals+est', '2024-09-18 03:08:07', '2024-09-18 03:08:07'),
(30, 'Perferendis porro ratione tempora labore corporis velit ex sit.', 'Facere in temporibus reiciendis voluptatem. Esse molestias et occaecati iure eos. Sunt facere dolor autem et. Ipsum sequi quis ut quia commodi. Illo autem rerum non veniam magni dolor minima.', 385302, 5, 5558.48, 'https://via.placeholder.com/640x480.png/00cc99?text=animals+laudantium', '2024-09-18 03:08:07', '2024-09-18 03:08:07'),
(31, 'Dolorem sint nemo vel voluptatibus quia hic.', 'Praesentium est ut voluptatem. Reprehenderit pariatur non maiores voluptate nostrum iste expedita.', 188190, 0, 1134.85, 'https://via.placeholder.com/640x480.png/00aa55?text=animals+ab', '2024-09-18 03:08:07', '2024-09-18 03:08:07'),
(32, 'Ab incidunt perspiciatis molestias totam.', 'Ut vitae autem ea est dolorem qui molestias. Porro quidem modi molestiae vel hic. Fugit sapiente esse minus voluptas. Et illum consequatur quos ut est ex provident.', 527088, 8, 4782.48, 'https://via.placeholder.com/640x480.png/00cc33?text=animals+est', '2024-09-18 03:08:07', '2024-09-18 03:08:07'),
(33, 'Nobis similique nisi quas voluptatum architecto a.', 'Dolor modi molestias autem repellat nam. Quidem dolorum dolores aut aut dolorem ipsa dolor. Voluptas earum explicabo occaecati nulla reiciendis. Accusamus et cupiditate sint nisi non facere.', 857821, 8, 8851.29, 'https://via.placeholder.com/640x480.png/004477?text=animals+architecto', '2024-09-18 03:08:07', '2024-09-18 03:08:07'),
(34, 'Voluptates nobis nulla eius consequuntur rem.', 'Accusantium quod et explicabo repellat. Mollitia ducimus voluptatem velit laboriosam quis. Id excepturi sint necessitatibus non voluptatem perspiciatis.', 338288, 9, 1588.17, 'https://via.placeholder.com/640x480.png/0022ff?text=animals+harum', '2024-09-18 03:08:07', '2024-09-18 03:08:07'),
(35, 'Voluptates et et possimus consequatur quisquam.', 'Amet tenetur repudiandae delectus quos ad officiis. Impedit est dolorum et. Autem id molestiae et consequatur. Et aut expedita commodi corporis.', 183970, 5, 2009.53, 'https://via.placeholder.com/640x480.png/001188?text=animals+iure', '2024-09-18 03:08:07', '2024-09-18 03:08:07'),
(36, 'Aperiam voluptatem adipisci occaecati voluptas commodi alias nisi.', 'Officia ut voluptates officiis sit. Facere et maxime sunt facere corporis magnam. Dolores neque dicta magnam corrupti.', 701288, 0, 2961.26, 'https://via.placeholder.com/640x480.png/0033ee?text=animals+vero', '2024-09-18 03:08:07', '2024-09-18 03:08:07'),
(37, 'Autem quod quam ipsam voluptatum.', 'Nostrum sunt dicta sed aut et. Voluptatem qui vel reiciendis. Nostrum reprehenderit dicta ea sit aut magnam aut. Non labore enim et voluptatibus eius.', 63298, 7, 654.81, 'https://via.placeholder.com/640x480.png/00bb33?text=animals+aut', '2024-09-18 03:08:07', '2024-09-18 03:08:07'),
(38, 'Aliquam et error consectetur et minima vitae omnis.', 'At quia delectus error perspiciatis ipsam. Magnam est quaerat ut odio. Sunt iusto fugit quia id et. Impedit fugit explicabo id dolorum vitae hic.', 722047, 5, 9771.43, 'https://via.placeholder.com/640x480.png/003322?text=animals+ipsum', '2024-09-18 03:08:07', '2024-09-18 03:08:07'),
(39, 'Facere alias molestiae sequi in quia.', 'Ut non in rerum. Adipisci autem eligendi non et qui non hic id. Consequatur neque enim pariatur optio enim aliquid.', 408574, 2, 689.28, 'https://via.placeholder.com/640x480.png/0011ff?text=animals+nostrum', '2024-09-18 03:08:07', '2024-09-18 03:08:07'),
(40, 'Vel aspernatur molestiae nostrum doloribus eos.', 'Numquam nulla occaecati ipsum ea perspiciatis. Rem non consectetur vel omnis et. Excepturi aut quam et enim et. Et ipsa recusandae officiis. Sit aliquid aliquid qui temporibus.', 625028, 2, 662.69, 'https://via.placeholder.com/640x480.png/0011ff?text=animals+quo', '2024-09-18 03:08:07', '2024-09-18 03:08:07'),
(41, 'Adipisci eum voluptate voluptas officiis minima.', 'Ducimus ipsa molestiae ratione omnis dolores voluptatibus. Nulla amet dolorem mollitia deserunt rerum ut ut. Voluptates amet dolorem aliquid.', 387937, 3, 3042.69, 'https://via.placeholder.com/640x480.png/00aa99?text=animals+dolore', '2024-09-18 03:08:07', '2024-09-18 03:08:07'),
(42, 'Nostrum facere sed dolorum repudiandae nostrum.', 'Consectetur velit similique et voluptas eum a corrupti. Labore est nihil est sint eveniet. Numquam debitis architecto voluptatibus laborum.', 679953, 5, 3563.67, 'https://via.placeholder.com/640x480.png/00ffbb?text=animals+quaerat', '2024-09-18 03:08:07', '2024-09-18 03:08:07'),
(43, 'Tempora rerum suscipit qui fugit quod.', 'Velit molestias distinctio assumenda quo. Ut delectus est ab deleniti asperiores ex. Praesentium sunt est rem iure dolorem ipsum quia. Quo delectus voluptas incidunt sed.', 788809, 4, 7840.47, 'https://via.placeholder.com/640x480.png/00aaee?text=animals+et', '2024-09-18 03:08:07', '2024-09-18 03:08:07'),
(44, 'Iste quidem vitae ut qui non.', 'Recusandae et qui est consequatur similique. Explicabo ut fugit quia ea a consequuntur alias. Aperiam soluta aliquam neque et in. Culpa sit doloremque dicta impedit beatae excepturi et.', 103708, 2, 5385.68, 'https://via.placeholder.com/640x480.png/00dd88?text=animals+molestiae', '2024-09-18 03:08:07', '2024-09-18 03:08:07'),
(45, 'Id dicta dignissimos facere dolorem est.', 'Eos provident aut ut vitae optio est repellat. Beatae ex voluptatem ut optio et. Quia labore autem iusto consequatur dolores consequatur. Sunt qui est veritatis rerum est qui sit dolores.', 213536, 1, 386.23, 'https://via.placeholder.com/640x480.png/00dd99?text=animals+placeat', '2024-09-18 03:08:07', '2024-09-18 03:08:07'),
(46, 'Enim at alias ipsam labore sed eius explicabo.', 'Vel nisi totam quaerat sint. Corrupti earum velit nisi ipsa quae. Molestiae nihil reiciendis recusandae velit et error et.', 625623, 7, 6839.82, 'https://via.placeholder.com/640x480.png/0000bb?text=animals+illo', '2024-09-18 03:08:07', '2024-09-18 03:08:07'),
(47, 'Laboriosam fugit hic minus non ducimus et doloremque.', 'Quod labore ipsum aut eius dolor quo autem molestias. Velit non sunt eum illo ratione provident qui. Fuga ratione occaecati explicabo atque.', 838279, 0, 1215.63, 'https://via.placeholder.com/640x480.png/0011ee?text=animals+ut', '2024-09-18 03:08:07', '2024-09-18 03:08:07'),
(48, 'In voluptatibus et ipsam eaque facere.', 'Qui similique itaque aut suscipit tenetur. Pariatur eum ex quidem perferendis. Officia voluptatem eos laudantium iure.', 118114, 6, 6106.69, 'https://via.placeholder.com/640x480.png/002277?text=animals+iusto', '2024-09-18 03:08:07', '2024-09-18 03:08:07'),
(49, 'Voluptatem voluptatem quia voluptas fuga provident aut consectetur.', 'Qui architecto sed eveniet rerum. Accusantium corrupti vel saepe impedit dolores quo repudiandae. Earum earum in et in molestias magni. Velit quasi nisi odit autem rerum.', 484429, 1, 8255.21, 'https://via.placeholder.com/640x480.png/00dd55?text=animals+quibusdam', '2024-09-18 03:08:07', '2024-09-18 03:08:07'),
(50, 'Ut totam voluptatum et.', 'Magnam et quo aut in et similique voluptas. Omnis voluptates unde voluptates quae corrupti. Consequatur et reprehenderit veritatis ut facilis et minus. Sed saepe ratione nulla.', 902732, 9, 4056.13, 'https://via.placeholder.com/640x480.png/001100?text=animals+maiores', '2024-09-18 03:08:07', '2024-09-18 03:08:07'),
(51, 'Qui aperiam dignissimos sit ea ea impedit non.', 'Commodi corrupti veniam quod ea nostrum consectetur. Et excepturi quia quia aut et. Et quaerat occaecati dolores consequatur ex ea et. Voluptatem magni ut voluptatem sapiente dolorum excepturi.', 992155, 1, 2848.20, 'https://via.placeholder.com/640x480.png/005588?text=animals+eos', '2024-09-18 03:08:07', '2024-09-18 03:08:07'),
(52, 'Voluptas quia consequatur perferendis sed amet iure.', 'Fuga qui suscipit voluptatem recusandae reprehenderit quaerat dolorem. Et est est excepturi cum eaque in. Cupiditate corrupti asperiores voluptatibus quos.', 128895, 8, 8649.75, 'https://via.placeholder.com/640x480.png/0099bb?text=animals+necessitatibus', '2024-09-18 03:08:07', '2024-09-18 03:08:07'),
(53, 'Quae omnis laudantium est aut quisquam adipisci.', 'Pariatur ipsa debitis et nobis. Excepturi tempora quibusdam aut quia. Neque assumenda et similique nihil.', 337524, 8, 5248.78, 'https://via.placeholder.com/640x480.png/0022ff?text=animals+et', '2024-09-18 03:08:07', '2024-09-18 03:08:07'),
(54, 'Numquam nulla odit cum voluptate eos voluptatibus.', 'Animi sit et et consectetur maxime dolor. Quas eum non sed enim libero est.', 314032, 1, 4310.48, 'https://via.placeholder.com/640x480.png/0099bb?text=animals+provident', '2024-09-18 03:08:07', '2024-09-18 03:08:07'),
(55, 'Eligendi qui sunt qui cupiditate.', 'Nisi est sunt animi et qui. Deserunt sed rem natus. Vero error rem quaerat soluta et similique exercitationem nam. Deleniti ratione enim eum ut recusandae.', 240426, 5, 6179.39, 'https://via.placeholder.com/640x480.png/00eeaa?text=animals+rerum', '2024-09-18 03:08:07', '2024-09-18 03:08:07'),
(56, 'Saepe blanditiis inventore et earum placeat facilis occaecati voluptatum.', 'Non voluptatem eos nesciunt explicabo. Similique qui et ut veritatis at possimus deserunt omnis.', 605262, 2, 9356.18, 'https://via.placeholder.com/640x480.png/007744?text=animals+libero', '2024-09-18 03:08:07', '2024-09-18 03:08:07'),
(57, 'Fugit eum sapiente consequatur nihil odio ut.', 'Ea omnis rerum dolores laudantium molestiae. Et eum et ipsa nobis est voluptatem.', 904846, 0, 4926.87, 'https://via.placeholder.com/640x480.png/00ffcc?text=animals+molestias', '2024-09-18 03:08:07', '2024-09-18 03:08:07'),
(58, 'Fugit dolor et officiis dolores debitis.', 'Est rerum eum possimus neque qui voluptas quia. Laudantium animi doloremque quia eveniet. Iusto dolores ratione aspernatur praesentium. Fugiat dicta ut quo sed officia.', 261118, 9, 6297.19, 'https://via.placeholder.com/640x480.png/004433?text=animals+est', '2024-09-18 03:08:07', '2024-09-18 03:08:07'),
(59, 'Est voluptatem unde pariatur quia explicabo dolorem.', 'Deserunt illo deleniti et et veritatis esse. Est dolorem nostrum incidunt magnam sit fuga. Voluptatibus facilis rerum laudantium omnis itaque. Omnis quidem reiciendis ut ut placeat quia qui unde.', 748158, 1, 3372.59, 'https://via.placeholder.com/640x480.png/0011cc?text=animals+facere', '2024-09-18 03:08:07', '2024-09-18 03:08:07'),
(60, 'Et saepe alias doloribus voluptatum vero qui omnis ab.', 'Cum distinctio est esse sit sunt. Veniam aperiam beatae eligendi odio ut eius. Et itaque perspiciatis harum.', 637881, 6, 4962.63, 'https://via.placeholder.com/640x480.png/0044dd?text=animals+adipisci', '2024-09-18 03:08:07', '2024-09-18 03:08:07'),
(61, 'Saepe rerum aut praesentium qui.', 'Saepe qui recusandae eos dolores occaecati vero labore nulla. Est minus eaque quo sit dolor. Numquam eos nesciunt consequatur aut totam minima.', 750244, 6, 8171.81, 'https://via.placeholder.com/640x480.png/00ee00?text=animals+iste', '2024-09-18 03:08:07', '2024-09-18 03:08:07'),
(62, 'Atque vel deleniti omnis ut.', 'Perferendis deserunt repellendus maiores quis assumenda esse voluptatem. Ea autem et ea in aliquam quisquam.', 206094, 6, 6463.32, 'https://via.placeholder.com/640x480.png/0044ee?text=animals+iusto', '2024-09-18 03:08:07', '2024-09-18 03:08:07'),
(63, 'Enim aliquam totam hic omnis est id.', 'Sapiente aut voluptatem possimus dolore. Consectetur tempore eos cumque amet. Non odit nihil ab quae et aut. Accusamus cupiditate id rerum sunt facilis ut.', 936850, 8, 2862.19, 'https://via.placeholder.com/640x480.png/000044?text=animals+nostrum', '2024-09-18 03:08:07', '2024-09-18 03:08:07'),
(64, 'Hic provident velit eos ut cum.', 'Aut eos quia quaerat ipsa sed. Quis vel et occaecati sit hic. Voluptatibus eius suscipit et voluptatem sequi cupiditate sit necessitatibus. Dolores possimus quo ut voluptatem omnis.', 580092, 6, 8270.36, 'https://via.placeholder.com/640x480.png/009933?text=animals+hic', '2024-09-18 03:08:07', '2024-09-18 03:08:07'),
(65, 'Laboriosam itaque velit aspernatur illum aut voluptatem.', 'Rem dolores necessitatibus et in incidunt. Minus ipsum quo officia accusantium. Reprehenderit velit magnam eos consequuntur. Perferendis nihil accusantium aut quas atque omnis voluptas consectetur.', 104023, 1, 1249.31, 'https://via.placeholder.com/640x480.png/00dd44?text=animals+illo', '2024-09-18 03:08:07', '2024-09-18 03:08:07'),
(66, 'Eum sequi sint magni delectus et quidem fuga.', 'Itaque optio harum necessitatibus hic assumenda hic voluptatem. Perferendis voluptatem aut omnis exercitationem facere. Tempore earum suscipit maxime. Id in asperiores commodi animi.', 948821, 8, 5348.86, 'https://via.placeholder.com/640x480.png/001100?text=animals+at', '2024-09-18 03:08:07', '2024-09-18 03:08:07'),
(67, 'Est nemo id quo sapiente ea cum.', 'Est ut et quas architecto sed sit blanditiis. Fugiat temporibus qui dolores ab vitae. Laboriosam quaerat consectetur adipisci sed labore necessitatibus.', 120010, 8, 2087.70, 'https://via.placeholder.com/640x480.png/0000cc?text=animals+dolor', '2024-09-18 03:08:07', '2024-09-18 03:08:07'),
(68, 'Sed est recusandae iste doloribus.', 'Et in alias similique fugit quam. Id explicabo velit deserunt maxime et asperiores nemo. Nulla ut voluptatem facilis est excepturi est corporis.', 547528, 6, 2132.02, 'https://via.placeholder.com/640x480.png/0011ee?text=animals+iste', '2024-09-18 03:08:07', '2024-09-18 03:08:07'),
(69, 'Quia quia magnam molestiae qui quaerat enim.', 'Ea ut quia sunt odio qui quia vel. Vel voluptates laboriosam ipsum et qui ea distinctio ea. Qui provident et voluptas fugit ut. Voluptatem sed laboriosam consequatur alias.', 625685, 9, 1638.98, 'https://via.placeholder.com/640x480.png/0099bb?text=animals+quis', '2024-09-18 03:08:07', '2024-09-18 03:08:07'),
(70, 'Blanditiis enim et minima ex libero dolores.', 'Amet non qui reiciendis ex mollitia eos commodi libero. Voluptas sit culpa omnis et. Ipsa quo hic velit sapiente exercitationem id dolor.', 981953, 6, 6107.20, 'https://via.placeholder.com/640x480.png/00ee99?text=animals+voluptas', '2024-09-18 03:08:07', '2024-09-18 03:08:07'),
(71, 'Accusamus est sit velit.', 'Sequi non voluptates et ex eligendi dignissimos. Soluta ut ad tempora ipsam. Quo eius officia non qui velit sed quam. Libero quas quam autem sed consectetur. Est sit est velit quis.', 946276, 3, 1436.94, 'https://via.placeholder.com/640x480.png/00bb55?text=animals+voluptatem', '2024-09-18 03:08:07', '2024-09-18 03:08:07'),
(72, 'Soluta et error adipisci laborum aut eveniet.', 'Ducimus culpa quos pariatur. Natus autem odio voluptate saepe rerum dignissimos fugiat. Accusantium esse distinctio ad aut doloribus qui laboriosam ut.', 785586, 4, 721.24, 'https://via.placeholder.com/640x480.png/00dd33?text=animals+nulla', '2024-09-18 03:08:07', '2024-09-18 03:08:07'),
(73, 'Fugit dolorum magnam et nam non aspernatur voluptatibus minus.', 'Qui et illum sint. Optio earum eos molestias dicta nemo. Incidunt dolorum fuga tempora animi atque autem.', 456058, 1, 8409.31, 'https://via.placeholder.com/640x480.png/00ffff?text=animals+vel', '2024-09-18 03:08:07', '2024-09-18 03:08:07'),
(74, 'Similique repellendus quis dicta temporibus eum rerum.', 'Quis sed perferendis iure harum. Non sed tenetur dicta quia voluptas pariatur. Possimus rerum qui qui et et. Qui dolor ipsa ut qui beatae quia.', 908359, 2, 1633.82, 'https://via.placeholder.com/640x480.png/00ff11?text=animals+nobis', '2024-09-18 03:08:07', '2024-09-18 03:08:07'),
(75, 'Consectetur magnam cum nam blanditiis.', 'Vel quo qui neque nostrum suscipit. Et harum numquam ut accusantium a temporibus eligendi. Quo alias est molestiae. Excepturi natus placeat ut laudantium eligendi.', 967480, 7, 8899.43, 'https://via.placeholder.com/640x480.png/003377?text=animals+sint', '2024-09-18 03:08:07', '2024-09-18 03:08:07'),
(76, 'Libero tempore enim molestias sint odio.', 'Error quia enim et qui. Laboriosam cupiditate omnis nihil sed voluptas voluptatem. Similique assumenda placeat ipsam aut perspiciatis. Necessitatibus adipisci tenetur et occaecati.', 919225, 3, 1953.40, 'https://via.placeholder.com/640x480.png/0099bb?text=animals+sunt', '2024-09-18 03:08:07', '2024-09-18 03:08:07'),
(77, 'Commodi nulla ab sequi occaecati blanditiis voluptatibus laboriosam.', 'Sint dolores dolor deleniti rem ut praesentium. Sit nobis vel asperiores deleniti aperiam.', 651035, 6, 2489.31, 'https://via.placeholder.com/640x480.png/0033ff?text=animals+voluptatem', '2024-09-18 03:08:07', '2024-09-18 03:08:07'),
(78, 'Illum eos quia exercitationem possimus optio consequatur beatae autem.', 'Voluptatibus vel rerum consequuntur aut qui doloribus. Pariatur at nisi quae aut optio. Et voluptates sed dolores natus culpa vel ut aut. Ab officia molestias magni magnam.', 461380, 0, 2391.09, 'https://via.placeholder.com/640x480.png/0022ee?text=animals+earum', '2024-09-18 03:08:07', '2024-09-18 03:08:07'),
(79, 'Omnis quia eligendi nesciunt enim voluptatem aut.', 'Labore commodi illo nisi facilis maxime voluptatum sed. Et ratione et labore nostrum. Vel architecto culpa tempora voluptas non. Quo rerum aperiam ad vel saepe eveniet nisi reprehenderit.', 596816, 0, 7480.57, 'https://via.placeholder.com/640x480.png/009944?text=animals+ipsa', '2024-09-18 03:08:07', '2024-09-18 03:08:07'),
(80, 'Ipsam maiores sunt dolorem.', 'Error eos molestias ex magnam aut nesciunt. Nobis eaque sapiente nihil dolor molestias. Facilis voluptatem velit non dolores illo adipisci unde.', 966938, 2, 8649.37, 'https://via.placeholder.com/640x480.png/00dd55?text=animals+qui', '2024-09-18 03:08:07', '2024-09-18 03:08:07'),
(81, 'Voluptatibus rerum neque placeat assumenda.', 'Qui doloribus vitae ex mollitia exercitationem delectus eveniet. Cupiditate excepturi aliquam et facere accusantium doloremque autem. Voluptas sed autem iusto accusamus autem expedita.', 961869, 6, 3044.92, 'https://via.placeholder.com/640x480.png/00aa22?text=animals+in', '2024-09-18 03:08:07', '2024-09-18 03:08:07'),
(82, 'Dolorem minima suscipit quia.', 'Vero placeat commodi beatae molestiae error et perspiciatis. Veniam nihil voluptas recusandae. Aut aut neque sed explicabo qui. Quibusdam est vel dolore officia.', 96367, 4, 9895.21, 'https://via.placeholder.com/640x480.png/005511?text=animals+fugit', '2024-09-18 03:08:07', '2024-09-18 03:08:07'),
(83, 'Rem facilis impedit est enim quia quam qui.', 'Laudantium dolor maxime fugit voluptas earum. Sit sit qui dolorem mollitia voluptatibus dolor sed recusandae. Adipisci repellendus dolor veritatis aut sit beatae ea molestias.', 160866, 9, 377.05, 'https://via.placeholder.com/640x480.png/009911?text=animals+magnam', '2024-09-18 03:08:07', '2024-09-18 03:08:07'),
(84, 'Rerum est minus aut.', 'Ut dolor nisi omnis voluptate provident est quos dolorem. Et similique omnis eaque. Qui facilis nam excepturi blanditiis adipisci consequatur dolor. Minus voluptatem omnis placeat.', 168383, 9, 6165.39, 'https://via.placeholder.com/640x480.png/005500?text=animals+ullam', '2024-09-18 03:08:07', '2024-09-18 03:08:07'),
(85, 'Ipsam sed et dolorem et aperiam maxime.', 'Necessitatibus deleniti et aut ex eveniet. Voluptas autem sit dolorem error neque. Odio error sunt et quibusdam possimus voluptas. Sit maiores repellat impedit et et quo cum laboriosam.', 540264, 7, 5809.92, 'https://via.placeholder.com/640x480.png/0022ff?text=animals+pariatur', '2024-09-18 03:08:07', '2024-09-18 03:08:07'),
(86, 'Dignissimos provident ea distinctio laboriosam.', 'Velit provident architecto aut alias dicta. Quae aliquid qui magnam corrupti pariatur quis ea. Totam praesentium nisi sunt dolor repudiandae incidunt excepturi eos.', 236396, 2, 3776.86, 'https://via.placeholder.com/640x480.png/0066cc?text=animals+nulla', '2024-09-18 03:08:07', '2024-09-18 03:08:07'),
(87, 'Architecto adipisci et perferendis.', 'Laborum dolorum quia assumenda dolores et est exercitationem unde. Repellat autem eveniet ipsa autem.', 400723, 3, 5632.11, 'https://via.placeholder.com/640x480.png/004477?text=animals+non', '2024-09-18 03:08:07', '2024-09-18 03:08:07'),
(88, 'Voluptatem corporis eaque quo occaecati qui ullam.', 'Et nostrum eligendi explicabo laborum sint rerum. Inventore est dicta voluptatum alias. Architecto commodi vitae aut suscipit consectetur. Fugit in in non est. In quaerat dolore totam impedit harum.', 67777, 5, 7943.72, 'https://via.placeholder.com/640x480.png/00cc00?text=animals+error', '2024-09-18 03:08:07', '2024-09-18 03:08:07'),
(89, 'Nesciunt animi eaque natus vitae ut.', 'Quos laboriosam eius eaque aut ex voluptates. Perferendis perferendis facere inventore vel qui. Facere est quo fugit delectus officia natus magnam aperiam. Repudiandae earum laudantium facilis.', 152998, 1, 5381.35, 'https://via.placeholder.com/640x480.png/008800?text=animals+sequi', '2024-09-18 03:08:07', '2024-09-18 03:08:07'),
(90, 'Voluptatem et aut facere quia.', 'Veniam reprehenderit dicta sunt inventore repellendus quia. Accusamus reiciendis aut quia molestiae praesentium dolor. Laudantium nemo ducimus mollitia error.', 291799, 3, 3034.17, 'https://via.placeholder.com/640x480.png/005555?text=animals+accusantium', '2024-09-18 03:08:07', '2024-09-18 03:08:07'),
(91, 'Iusto illo ut consequatur in doloremque.', 'Ab quae est eum vel voluptatibus ratione ipsum. Dolor reprehenderit cumque commodi eius porro. Quae esse quam et repellat. Quod ut est pariatur officia.', 82717, 0, 2112.23, 'https://via.placeholder.com/640x480.png/00ccdd?text=animals+aliquam', '2024-09-18 03:08:07', '2024-09-18 03:08:07'),
(92, 'Amet hic corrupti ipsa aut dolor omnis et.', 'Ab nesciunt dicta tenetur. Beatae itaque quod voluptatibus et magnam et. Voluptate dolorum ut quidem omnis est. Non at doloribus eum tempore.', 882540, 5, 3972.69, 'https://via.placeholder.com/640x480.png/00bbbb?text=animals+ut', '2024-09-18 03:08:07', '2024-09-18 03:08:07'),
(93, 'Asperiores quae non consectetur sapiente facere fugiat quia.', 'Expedita modi veniam quam. Ullam voluptas accusantium molestiae et harum nulla. Sit corporis corrupti pariatur repellat aut. Ipsam odit nemo ratione neque consequatur est quo.', 982840, 8, 5451.57, 'https://via.placeholder.com/640x480.png/00ccdd?text=animals+modi', '2024-09-18 03:08:07', '2024-09-18 03:08:07'),
(94, 'Aut iure consequatur laudantium voluptatibus.', 'Excepturi fuga qui ipsum voluptatem occaecati nostrum. Atque dolor et dolorum ullam. Distinctio cum voluptatem nisi. Maiores vero officia et fugit assumenda quo dolore.', 936443, 1, 8328.51, 'https://via.placeholder.com/640x480.png/005555?text=animals+unde', '2024-09-18 03:08:07', '2024-09-18 03:08:07'),
(95, 'Dolor esse animi deleniti animi rerum explicabo architecto qui.', 'Vitae quam sapiente asperiores aut dolore sit. Consectetur voluptatem iste sed fuga. Ea eius quibusdam recusandae veniam at id est.', 749013, 8, 2325.87, 'https://via.placeholder.com/640x480.png/0022dd?text=animals+distinctio', '2024-09-18 03:08:07', '2024-09-18 03:08:07'),
(96, 'Nemo dolores corrupti ut iusto et cum dolorem.', 'Velit aut blanditiis id quos. Quaerat placeat quae quis asperiores accusantium aspernatur. Molestiae molestiae consectetur quia quidem.', 687486, 4, 8345.62, 'https://via.placeholder.com/640x480.png/000066?text=animals+sint', '2024-09-18 03:08:07', '2024-09-18 03:08:07'),
(97, 'Quibusdam est autem et voluptatibus enim enim ut.', 'Dolorem eveniet in similique officiis enim repellat ad. Omnis molestiae eos qui ad reprehenderit vel omnis. Non quisquam nisi omnis quis laboriosam expedita. Ea accusamus enim soluta aut nobis.', 413490, 1, 9149.91, 'https://via.placeholder.com/640x480.png/001111?text=animals+minima', '2024-09-18 03:08:07', '2024-09-18 03:08:07'),
(98, 'Nihil suscipit expedita aliquam voluptas reiciendis placeat.', 'Nostrum et doloribus vel fugit quia. Deserunt quia modi hic ipsum porro distinctio. Voluptatem dolorum libero quia mollitia qui sunt. Ea qui dignissimos nulla iure eaque optio nulla cumque.', 475486, 0, 5211.02, 'https://via.placeholder.com/640x480.png/006655?text=animals+omnis', '2024-09-18 03:08:07', '2024-09-18 03:08:07'),
(99, 'Quia blanditiis consequuntur et soluta necessitatibus.', 'Deleniti repudiandae numquam nobis consequatur. Rerum delectus omnis maxime iste et. Dolorem vel autem inventore est.', 24956, 5, 548.66, 'https://via.placeholder.com/640x480.png/00ff88?text=animals+nulla', '2024-09-18 03:08:07', '2024-09-18 03:08:07'),
(100, 'Quidem quia delectus est illum quos.', 'Repudiandae eius sed quis illum. Voluptatum consectetur nam occaecati id fuga molestiae. Explicabo error temporibus culpa illo provident sit. Aspernatur eos voluptatem voluptatem harum maiores.', 862699, 0, 611.44, 'https://via.placeholder.com/640x480.png/007711?text=animals+consequuntur', '2024-09-18 03:08:07', '2024-09-18 03:08:07'),
(104, 'RAGING SPIRITS123435', 'Percentage Rent', 122222, 12, 4000.25, 'https://www.shutterstock.com/shutterstock/photos/2305807205/display_1500/stock-vector-scan-to-pay-woman-sits-next-to-shopping-bags-with-smartphone-with-qr-code-short-link-for-2305807205.jpg', NULL, NULL),
(105, 'RAGING SPIRITS123435', 'testing', 4234, 10, 312.00, 'https://www.shutterstock.com/shutterstock/photos/2305807205/display_1500/stock-vector-scan-to-pay-woman-sits-next-to-shopping-bags-with-smartphone-with-qr-code-short-link-for-2305807205.jpg', NULL, NULL);

-- --------------------------------------------------------

--
-- Table structure for table `category`
--

CREATE TABLE `category` (
  `id` int(11) NOT NULL,
  `category` varchar(255) NOT NULL
) ENGINE=InnoDB DEFAULT CHARSET=utf8mb4 COLLATE=utf8mb4_general_ci;

--
-- Dumping data for table `category`
--

INSERT INTO `category` (`id`, `category`) VALUES
(1, 'Action'),
(2, 'Love Story'),
(3, 'Horror');

-- --------------------------------------------------------

--
-- Table structure for table `failed_jobs`
--

CREATE TABLE `failed_jobs` (
  `id` bigint(20) UNSIGNED NOT NULL,
  `uuid` varchar(255) NOT NULL,
  `connection` text NOT NULL,
  `queue` text NOT NULL,
  `payload` longtext NOT NULL,
  `exception` longtext NOT NULL,
  `failed_at` timestamp NOT NULL DEFAULT current_timestamp()
) ENGINE=InnoDB DEFAULT CHARSET=utf8mb4 COLLATE=utf8mb4_unicode_ci;

-- --------------------------------------------------------

--
-- Table structure for table `jobs`
--

CREATE TABLE `jobs` (
  `id` bigint(20) UNSIGNED NOT NULL,
  `queue` varchar(255) NOT NULL,
  `payload` longtext NOT NULL,
  `attempts` tinyint(3) UNSIGNED NOT NULL,
  `reserved_at` int(10) UNSIGNED DEFAULT NULL,
  `available_at` int(10) UNSIGNED NOT NULL,
  `created_at` int(10) UNSIGNED NOT NULL
) ENGINE=InnoDB DEFAULT CHARSET=utf8mb4 COLLATE=utf8mb4_unicode_ci;

--
-- Dumping data for table `jobs`
--

INSERT INTO `jobs` (`id`, `queue`, `payload`, `attempts`, `reserved_at`, `available_at`, `created_at`) VALUES
(1, 'default', '{\"uuid\":\"ea94e7a4-f013-46cd-bb14-2c0eb875b1ce\",\"displayName\":\"App\\\\Events\\\\CustomMessageEvent\",\"job\":\"Illuminate\\\\Queue\\\\CallQueuedHandler@call\",\"maxTries\":null,\"maxExceptions\":null,\"failOnTimeout\":false,\"backoff\":null,\"timeout\":null,\"retryUntil\":null,\"data\":{\"commandName\":\"Illuminate\\\\Broadcasting\\\\BroadcastEvent\",\"command\":\"O:38:\\\"Illuminate\\\\Broadcasting\\\\BroadcastEvent\\\":14:{s:5:\\\"event\\\";O:29:\\\"App\\\\Events\\\\CustomMessageEvent\\\":1:{s:3:\\\"msg\\\";s:40:\\\"Someone visited your movie listing page.\\\";}s:5:\\\"tries\\\";N;s:7:\\\"timeout\\\";N;s:7:\\\"backoff\\\";N;s:13:\\\"maxExceptions\\\";N;s:10:\\\"connection\\\";N;s:5:\\\"queue\\\";N;s:5:\\\"delay\\\";N;s:11:\\\"afterCommit\\\";N;s:10:\\\"middleware\\\";a:0:{}s:7:\\\"chained\\\";a:0:{}s:15:\\\"chainConnection\\\";N;s:10:\\\"chainQueue\\\";N;s:19:\\\"chainCatchCallbacks\\\";N;}\"}}', 0, NULL, 1726817187, 1726817187),
(2, 'default', '{\"uuid\":\"86bb49ec-b2c8-4a25-ae6a-f85b268948f1\",\"displayName\":\"App\\\\Events\\\\CustomMessageEvent\",\"job\":\"Illuminate\\\\Queue\\\\CallQueuedHandler@call\",\"maxTries\":null,\"maxExceptions\":null,\"failOnTimeout\":false,\"backoff\":null,\"timeout\":null,\"retryUntil\":null,\"data\":{\"commandName\":\"Illuminate\\\\Broadcasting\\\\BroadcastEvent\",\"command\":\"O:38:\\\"Illuminate\\\\Broadcasting\\\\BroadcastEvent\\\":14:{s:5:\\\"event\\\";O:29:\\\"App\\\\Events\\\\CustomMessageEvent\\\":1:{s:3:\\\"msg\\\";s:40:\\\"Someone visited your movie listing page.\\\";}s:5:\\\"tries\\\";N;s:7:\\\"timeout\\\";N;s:7:\\\"backoff\\\";N;s:13:\\\"maxExceptions\\\";N;s:10:\\\"connection\\\";N;s:5:\\\"queue\\\";N;s:5:\\\"delay\\\";N;s:11:\\\"afterCommit\\\";N;s:10:\\\"middleware\\\";a:0:{}s:7:\\\"chained\\\";a:0:{}s:15:\\\"chainConnection\\\";N;s:10:\\\"chainQueue\\\";N;s:19:\\\"chainCatchCallbacks\\\";N;}\"}}', 0, NULL, 1726817204, 1726817204),
(3, 'default', '{\"uuid\":\"3f83c1cb-7d42-4263-b1fa-05946ca2aeb0\",\"displayName\":\"App\\\\Events\\\\CustomMessageEvent\",\"job\":\"Illuminate\\\\Queue\\\\CallQueuedHandler@call\",\"maxTries\":null,\"maxExceptions\":null,\"failOnTimeout\":false,\"backoff\":null,\"timeout\":null,\"retryUntil\":null,\"data\":{\"commandName\":\"Illuminate\\\\Broadcasting\\\\BroadcastEvent\",\"command\":\"O:38:\\\"Illuminate\\\\Broadcasting\\\\BroadcastEvent\\\":14:{s:5:\\\"event\\\";O:29:\\\"App\\\\Events\\\\CustomMessageEvent\\\":1:{s:3:\\\"msg\\\";s:40:\\\"Someone visited your movie listing page.\\\";}s:5:\\\"tries\\\";N;s:7:\\\"timeout\\\";N;s:7:\\\"backoff\\\";N;s:13:\\\"maxExceptions\\\";N;s:10:\\\"connection\\\";N;s:5:\\\"queue\\\";N;s:5:\\\"delay\\\";N;s:11:\\\"afterCommit\\\";N;s:10:\\\"middleware\\\";a:0:{}s:7:\\\"chained\\\";a:0:{}s:15:\\\"chainConnection\\\";N;s:10:\\\"chainQueue\\\";N;s:19:\\\"chainCatchCallbacks\\\";N;}\"}}', 0, NULL, 1726817360, 1726817360),
(4, 'default', '{\"uuid\":\"9e7ff88f-6bbe-466d-a223-3ae441829a73\",\"displayName\":\"App\\\\Events\\\\CustomMessageEvent\",\"job\":\"Illuminate\\\\Queue\\\\CallQueuedHandler@call\",\"maxTries\":null,\"maxExceptions\":null,\"failOnTimeout\":false,\"backoff\":null,\"timeout\":null,\"retryUntil\":null,\"data\":{\"commandName\":\"Illuminate\\\\Broadcasting\\\\BroadcastEvent\",\"command\":\"O:38:\\\"Illuminate\\\\Broadcasting\\\\BroadcastEvent\\\":14:{s:5:\\\"event\\\";O:29:\\\"App\\\\Events\\\\CustomMessageEvent\\\":1:{s:3:\\\"msg\\\";s:40:\\\"Someone visited your movie listing page.\\\";}s:5:\\\"tries\\\";N;s:7:\\\"timeout\\\";N;s:7:\\\"backoff\\\";N;s:13:\\\"maxExceptions\\\";N;s:10:\\\"connection\\\";N;s:5:\\\"queue\\\";N;s:5:\\\"delay\\\";N;s:11:\\\"afterCommit\\\";N;s:10:\\\"middleware\\\";a:0:{}s:7:\\\"chained\\\";a:0:{}s:15:\\\"chainConnection\\\";N;s:10:\\\"chainQueue\\\";N;s:19:\\\"chainCatchCallbacks\\\";N;}\"}}', 0, NULL, 1726817653, 1726817653),
(5, 'default', '{\"uuid\":\"42aee435-997f-4d09-a48a-964a34770408\",\"displayName\":\"App\\\\Events\\\\CustomMessageEvent\",\"job\":\"Illuminate\\\\Queue\\\\CallQueuedHandler@call\",\"maxTries\":null,\"maxExceptions\":null,\"failOnTimeout\":false,\"backoff\":null,\"timeout\":null,\"retryUntil\":null,\"data\":{\"commandName\":\"Illuminate\\\\Broadcasting\\\\BroadcastEvent\",\"command\":\"O:38:\\\"Illuminate\\\\Broadcasting\\\\BroadcastEvent\\\":14:{s:5:\\\"event\\\";O:29:\\\"App\\\\Events\\\\CustomMessageEvent\\\":1:{s:3:\\\"msg\\\";s:40:\\\"Someone visited your movie listing page.\\\";}s:5:\\\"tries\\\";N;s:7:\\\"timeout\\\";N;s:7:\\\"backoff\\\";N;s:13:\\\"maxExceptions\\\";N;s:10:\\\"connection\\\";N;s:5:\\\"queue\\\";N;s:5:\\\"delay\\\";N;s:11:\\\"afterCommit\\\";N;s:10:\\\"middleware\\\";a:0:{}s:7:\\\"chained\\\";a:0:{}s:15:\\\"chainConnection\\\";N;s:10:\\\"chainQueue\\\";N;s:19:\\\"chainCatchCallbacks\\\";N;}\"}}', 0, NULL, 1726817661, 1726817661),
(6, 'default', '{\"uuid\":\"2b79cb63-48f5-42df-9c06-1667f998e6ba\",\"displayName\":\"App\\\\Events\\\\CustomMessageEvent\",\"job\":\"Illuminate\\\\Queue\\\\CallQueuedHandler@call\",\"maxTries\":null,\"maxExceptions\":null,\"failOnTimeout\":false,\"backoff\":null,\"timeout\":null,\"retryUntil\":null,\"data\":{\"commandName\":\"Illuminate\\\\Broadcasting\\\\BroadcastEvent\",\"command\":\"O:38:\\\"Illuminate\\\\Broadcasting\\\\BroadcastEvent\\\":14:{s:5:\\\"event\\\";O:29:\\\"App\\\\Events\\\\CustomMessageEvent\\\":1:{s:3:\\\"msg\\\";s:40:\\\"Someone visited your movie listing page.\\\";}s:5:\\\"tries\\\";N;s:7:\\\"timeout\\\";N;s:7:\\\"backoff\\\";N;s:13:\\\"maxExceptions\\\";N;s:10:\\\"connection\\\";N;s:5:\\\"queue\\\";N;s:5:\\\"delay\\\";N;s:11:\\\"afterCommit\\\";N;s:10:\\\"middleware\\\";a:0:{}s:7:\\\"chained\\\";a:0:{}s:15:\\\"chainConnection\\\";N;s:10:\\\"chainQueue\\\";N;s:19:\\\"chainCatchCallbacks\\\";N;}\"}}', 0, NULL, 1726817730, 1726817730),
(7, 'default', '{\"uuid\":\"ed94f1a4-e503-4de9-98d8-b95f75133a6c\",\"displayName\":\"App\\\\Events\\\\CustomMessageEvent\",\"job\":\"Illuminate\\\\Queue\\\\CallQueuedHandler@call\",\"maxTries\":null,\"maxExceptions\":null,\"failOnTimeout\":false,\"backoff\":null,\"timeout\":null,\"retryUntil\":null,\"data\":{\"commandName\":\"Illuminate\\\\Broadcasting\\\\BroadcastEvent\",\"command\":\"O:38:\\\"Illuminate\\\\Broadcasting\\\\BroadcastEvent\\\":14:{s:5:\\\"event\\\";O:29:\\\"App\\\\Events\\\\CustomMessageEvent\\\":1:{s:3:\\\"msg\\\";s:40:\\\"Someone visited your movie listing page.\\\";}s:5:\\\"tries\\\";N;s:7:\\\"timeout\\\";N;s:7:\\\"backoff\\\";N;s:13:\\\"maxExceptions\\\";N;s:10:\\\"connection\\\";N;s:5:\\\"queue\\\";N;s:5:\\\"delay\\\";N;s:11:\\\"afterCommit\\\";N;s:10:\\\"middleware\\\";a:0:{}s:7:\\\"chained\\\";a:0:{}s:15:\\\"chainConnection\\\";N;s:10:\\\"chainQueue\\\";N;s:19:\\\"chainCatchCallbacks\\\";N;}\"}}', 0, NULL, 1726818093, 1726818093),
(8, 'default', '{\"uuid\":\"67c3f447-8ab4-400d-925a-9a3ebfc3900c\",\"displayName\":\"App\\\\Events\\\\CustomMessageEvent\",\"job\":\"Illuminate\\\\Queue\\\\CallQueuedHandler@call\",\"maxTries\":null,\"maxExceptions\":null,\"failOnTimeout\":false,\"backoff\":null,\"timeout\":null,\"retryUntil\":null,\"data\":{\"commandName\":\"Illuminate\\\\Broadcasting\\\\BroadcastEvent\",\"command\":\"O:38:\\\"Illuminate\\\\Broadcasting\\\\BroadcastEvent\\\":14:{s:5:\\\"event\\\";O:29:\\\"App\\\\Events\\\\CustomMessageEvent\\\":1:{s:3:\\\"msg\\\";s:40:\\\"Someone visited your movie listing page.\\\";}s:5:\\\"tries\\\";N;s:7:\\\"timeout\\\";N;s:7:\\\"backoff\\\";N;s:13:\\\"maxExceptions\\\";N;s:10:\\\"connection\\\";N;s:5:\\\"queue\\\";N;s:5:\\\"delay\\\";N;s:11:\\\"afterCommit\\\";N;s:10:\\\"middleware\\\";a:0:{}s:7:\\\"chained\\\";a:0:{}s:15:\\\"chainConnection\\\";N;s:10:\\\"chainQueue\\\";N;s:19:\\\"chainCatchCallbacks\\\";N;}\"}}', 0, NULL, 1726818304, 1726818304),
(9, 'default', '{\"uuid\":\"cbc0d0d4-3906-4acf-bb2a-084db0126a65\",\"displayName\":\"App\\\\Events\\\\CustomMessageEvent\",\"job\":\"Illuminate\\\\Queue\\\\CallQueuedHandler@call\",\"maxTries\":null,\"maxExceptions\":null,\"failOnTimeout\":false,\"backoff\":null,\"timeout\":null,\"retryUntil\":null,\"data\":{\"commandName\":\"Illuminate\\\\Broadcasting\\\\BroadcastEvent\",\"command\":\"O:38:\\\"Illuminate\\\\Broadcasting\\\\BroadcastEvent\\\":14:{s:5:\\\"event\\\";O:29:\\\"App\\\\Events\\\\CustomMessageEvent\\\":1:{s:3:\\\"msg\\\";s:40:\\\"Someone visited your movie listing page.\\\";}s:5:\\\"tries\\\";N;s:7:\\\"timeout\\\";N;s:7:\\\"backoff\\\";N;s:13:\\\"maxExceptions\\\";N;s:10:\\\"connection\\\";N;s:5:\\\"queue\\\";N;s:5:\\\"delay\\\";N;s:11:\\\"afterCommit\\\";N;s:10:\\\"middleware\\\";a:0:{}s:7:\\\"chained\\\";a:0:{}s:15:\\\"chainConnection\\\";N;s:10:\\\"chainQueue\\\";N;s:19:\\\"chainCatchCallbacks\\\";N;}\"}}', 0, NULL, 1726818459, 1726818459),
(10, 'default', '{\"uuid\":\"3509b8fe-8ad6-4777-ab8c-6d31764d6064\",\"displayName\":\"App\\\\Events\\\\CustomMessageEvent\",\"job\":\"Illuminate\\\\Queue\\\\CallQueuedHandler@call\",\"maxTries\":null,\"maxExceptions\":null,\"failOnTimeout\":false,\"backoff\":null,\"timeout\":null,\"retryUntil\":null,\"data\":{\"commandName\":\"Illuminate\\\\Broadcasting\\\\BroadcastEvent\",\"command\":\"O:38:\\\"Illuminate\\\\Broadcasting\\\\BroadcastEvent\\\":14:{s:5:\\\"event\\\";O:29:\\\"App\\\\Events\\\\CustomMessageEvent\\\":1:{s:3:\\\"msg\\\";s:40:\\\"Someone visited your movie listing page.\\\";}s:5:\\\"tries\\\";N;s:7:\\\"timeout\\\";N;s:7:\\\"backoff\\\";N;s:13:\\\"maxExceptions\\\";N;s:10:\\\"connection\\\";N;s:5:\\\"queue\\\";N;s:5:\\\"delay\\\";N;s:11:\\\"afterCommit\\\";N;s:10:\\\"middleware\\\";a:0:{}s:7:\\\"chained\\\";a:0:{}s:15:\\\"chainConnection\\\";N;s:10:\\\"chainQueue\\\";N;s:19:\\\"chainCatchCallbacks\\\";N;}\"}}', 0, NULL, 1726820603, 1726820603);

-- --------------------------------------------------------

--
-- Table structure for table `job_batches`
--

CREATE TABLE `job_batches` (
  `id` varchar(255) NOT NULL,
  `name` varchar(255) NOT NULL,
  `total_jobs` int(11) NOT NULL,
  `pending_jobs` int(11) NOT NULL,
  `failed_jobs` int(11) NOT NULL,
  `failed_job_ids` longtext NOT NULL,
  `options` mediumtext DEFAULT NULL,
  `cancelled_at` int(11) DEFAULT NULL,
  `created_at` int(11) NOT NULL,
  `finished_at` int(11) DEFAULT NULL
) ENGINE=InnoDB DEFAULT CHARSET=utf8mb4 COLLATE=utf8mb4_unicode_ci;

-- --------------------------------------------------------

--
-- Table structure for table `migrations`
--

CREATE TABLE `migrations` (
  `id` int(10) UNSIGNED NOT NULL,
  `migration` varchar(255) NOT NULL,
  `batch` int(11) NOT NULL
) ENGINE=InnoDB DEFAULT CHARSET=utf8mb4 COLLATE=utf8mb4_unicode_ci;

--
-- Dumping data for table `migrations`
--

INSERT INTO `migrations` (`id`, `migration`, `batch`) VALUES
(1, '0001_01_01_000000_create_users_table', 1),
(2, '0001_01_01_000001_create_cache_table', 1),
(3, '0001_01_01_000002_create_jobs_table', 1),
(4, '2024_09_18_011157_create_movies_table', 1),
(5, '2024_09_18_104642_create_books_table', 1),
(6, '2024_09_19_142333_create_personal_access_tokens_table', 2),
(7, '2024_09_19_142801_create_posts_table', 3);

-- --------------------------------------------------------

--
-- Table structure for table `movies`
--

CREATE TABLE `movies` (
  `id` bigint(20) UNSIGNED NOT NULL,
  `category_id` int(11) NOT NULL,
  `title` varchar(255) NOT NULL,
  `description` longtext NOT NULL,
  `director` varchar(255) NOT NULL,
  `star_rating` int(11) NOT NULL,
  `date_published` date NOT NULL,
  `image` varchar(255) NOT NULL,
  `created_at` timestamp NULL DEFAULT NULL,
  `updated_at` timestamp NULL DEFAULT NULL
) ENGINE=InnoDB DEFAULT CHARSET=utf8mb4 COLLATE=utf8mb4_unicode_ci;

--
-- Dumping data for table `movies`
--

INSERT INTO `movies` (`id`, `category_id`, `title`, `description`, `director`, `star_rating`, `date_published`, `image`, `created_at`, `updated_at`) VALUES
(1, 1, 'FAST LEAD with CSC NCR: Leadership Agility', 'test', 'tester', 1, '2024-09-20', 'ragnarok-rebirth.png', NULL, NULL),
(2, 2, 'RAGING SPIRITS', 'Percentage Rent', 'eqweqewqeqwe', 2, '2024-09-01', 'steam-summer-sale-2024.png', NULL, NULL),
(3, 3, 'RAGING SPIRITS', 'Percentage Rent', 'eqweqewqeqwe', 2, '2024-09-01', 'steam-summer-sale-2024.png', NULL, NULL),
(4, 2, 'FAST LEAD with CSC NCR: Leadership Agility', 'test', 'tester', 123, '2024-09-20', 'ragnarok-rebirth.png', NULL, NULL),
(5, 3, 'RAGING SPIRITS', 'Percentage Rent', 'eqweqewqeqwe', 2, '2024-09-01', 'steam-summer-sale-2024.png', NULL, NULL),
(6, 1, 'RAGING SPIRITS', 'Percentage Rent', 'eqweqewqeqwe', 2, '2024-09-01', 'steam-summer-sale-2024.png', NULL, NULL),
(7, 3, 'RAGING SPIRITS', 'Percentage Rent', 'eqweqewqeqwe', 2, '2024-09-01', 'steam-summer-sale-2024.png', NULL, NULL),
(8, 2, 'FAST LEAD with CSC NCR: Leadership Agility', 'test', 'tester', 123, '2024-09-20', 'ragnarok-rebirth.png', NULL, NULL),
(9, 3, 'RAGING SPIRITS', 'Percentage Rent', 'eqweqewqeqwe', 2, '2024-09-01', 'steam-summer-sale-2024.png', NULL, NULL),
(10, 1, 'RAGING SPIRITS', 'Percentage Rent', 'eqweqewqeqwe', 2, '2024-09-01', 'steam-summer-sale-2024.png', NULL, NULL),
(11, 0, 'Titanic', 'Barko Barko Barko', 'James LALALALA', 5, '1997-01-02', 'streets-of-rage-4-gameplay.jpg', NULL, NULL);

-- --------------------------------------------------------

--
-- Table structure for table `posts`
--

CREATE TABLE `posts` (
  `id` bigint(20) UNSIGNED NOT NULL,
  `title` varchar(255) NOT NULL,
  `story` longtext NOT NULL,
  `created_at` timestamp NULL DEFAULT NULL,
  `updated_at` timestamp NULL DEFAULT NULL
) ENGINE=InnoDB DEFAULT CHARSET=utf8mb4 COLLATE=utf8mb4_unicode_ci;

--
-- Dumping data for table `posts`
--

INSERT INTO `posts` (`id`, `title`, `story`, `created_at`, `updated_at`) VALUES
(4, 'test', 'test', '2024-09-20 03:20:13', '2024-09-20 03:20:13'),
(5, 'test1', 'test2', '2024-09-20 03:21:43', '2024-09-20 03:21:43'),
(6, '12345678', '12345678', '2024-09-20 03:40:21', '2024-09-20 05:32:45'),
(7, 'tgtgtgt', 'qaqaqaqa', '2024-09-20 05:03:06', '2024-09-20 05:03:06');

-- --------------------------------------------------------

--
-- Table structure for table `sessions`
--

CREATE TABLE `sessions` (
  `id` varchar(255) NOT NULL,
  `user_id` bigint(20) UNSIGNED DEFAULT NULL,
  `ip_address` varchar(45) DEFAULT NULL,
  `user_agent` text DEFAULT NULL,
  `payload` longtext NOT NULL,
  `last_activity` int(11) NOT NULL
) ENGINE=InnoDB DEFAULT CHARSET=utf8mb4 COLLATE=utf8mb4_unicode_ci;

--
-- Dumping data for table `sessions`
--

INSERT INTO `sessions` (`id`, `user_id`, `ip_address`, `user_agent`, `payload`, `last_activity`) VALUES
('J91hD9vecmbZLzWLrwlY5eTe9LtYeY8ksarOty3D', NULL, '::1', 'Mozilla/5.0 (Windows NT 10.0; Win64; x64) AppleWebKit/537.36 (KHTML, like Gecko) Chrome/128.0.0.0 Safari/537.36 Edg/128.0.0.0', 'YTozOntzOjY6Il90b2tlbiI7czo0MDoiWHlSYnlWNGNrb1lmY1RmSHZlaGs1eHNhcmxyU01SekZyWFdYZTNoeCI7czo5OiJfcHJldmlvdXMiO2E6MTp7czozOiJ1cmwiO3M6NDY6Imh0dHA6Ly9sb2NhbGhvc3QvbGFyYXZlbF9kYXkyL3B1YmxpYy9kYXNoYm9hcmQiO31zOjY6Il9mbGFzaCI7YToyOntzOjM6Im9sZCI7YTowOnt9czozOiJuZXciO2E6MDp7fX19', 1726730736),
('lVv0so3WDC5IiSTmVdeRxMImzqbDBRQPN15IvzaB', NULL, '127.0.0.1', 'Mozilla/5.0 (Windows NT 10.0; Win64; x64) AppleWebKit/537.36 (KHTML, like Gecko) Chrome/128.0.0.0 Safari/537.36 Edg/128.0.0.0', 'YTozOntzOjY6Il90b2tlbiI7czo0MDoiQ2hnTnR5TDR6bUlsNHhWS2s3ZFc0aENMOTVteWNmWDI0YzhsSmRoayI7czo5OiJfcHJldmlvdXMiO2E6MTp7czozOiJ1cmwiO3M6Mjg6Imh0dHA6Ly8xMjcuMC4wLjE6ODAwMC9tb3ZpZXMiO31zOjY6Il9mbGFzaCI7YToyOntzOjM6Im9sZCI7YTowOnt9czozOiJuZXciO2E6MDp7fX19', 1726816330),
('rrsSp7p1ksJaLGQ3NqxBJTeA68ts6BQ4pthp8Y4d', NULL, '127.0.0.1', 'Mozilla/5.0 (Windows NT 10.0; Win64; x64) AppleWebKit/537.36 (KHTML, like Gecko) Chrome/128.0.0.0 Safari/537.36 Edg/128.0.0.0', 'YTozOntzOjY6Il90b2tlbiI7czo0MDoiTlFIZjZwV3VkSFg0Z0VwM0RKWVY5czZBSDZmZmFHdjlwaGVWd0ZpSiI7czo5OiJfcHJldmlvdXMiO2E6MTp7czozOiJ1cmwiO3M6MjE6Imh0dHA6Ly8xMjcuMC4wLjE6ODAwMCI7fXM6NjoiX2ZsYXNoIjthOjI6e3M6Mzoib2xkIjthOjA6e31zOjM6Im5ldyI7YTowOnt9fX0=', 1726727779),
('ZiHCflMFpHCxpepHoTLDJWykxiMdq8eW8f8qQqgs', 2, '127.0.0.1', 'Mozilla/5.0 (Windows NT 10.0; Win64; x64) AppleWebKit/537.36 (KHTML, like Gecko) Chrome/128.0.0.0 Safari/537.36 Edg/128.0.0.0', 'YTo0OntzOjY6Il90b2tlbiI7czo0MDoiNmxMblJ5NGFHTDlhRzBOdTBmVUp3SlFzaTVGRVc4VGZYMWNuUkRTeiI7czo5OiJfcHJldmlvdXMiO2E6MTp7czozOiJ1cmwiO3M6Mjg6Imh0dHA6Ly8xMjcuMC4wLjE6ODAwMC9tb3ZpZXMiO31zOjY6Il9mbGFzaCI7YToyOntzOjM6Im9sZCI7YTowOnt9czozOiJuZXciO2E6MDp7fX1zOjUwOiJsb2dpbl93ZWJfNTliYTM2YWRkYzJiMmY5NDAxNTgwZjAxNGM3ZjU4ZWE0ZTMwOTg5ZCI7aToyO30=', 1726820603);

--
-- Indexes for dumped tables
--

--
-- Indexes for table `books`
--
ALTER TABLE `books`
  ADD PRIMARY KEY (`id`);

--
-- Indexes for table `category`
--
ALTER TABLE `category`
  ADD PRIMARY KEY (`id`);

--
-- Indexes for table `failed_jobs`
--
ALTER TABLE `failed_jobs`
  ADD PRIMARY KEY (`id`),
  ADD UNIQUE KEY `failed_jobs_uuid_unique` (`uuid`);

--
-- Indexes for table `jobs`
--
ALTER TABLE `jobs`
  ADD PRIMARY KEY (`id`),
  ADD KEY `jobs_queue_index` (`queue`);

--
-- Indexes for table `job_batches`
--
ALTER TABLE `job_batches`
  ADD PRIMARY KEY (`id`);

--
-- Indexes for table `migrations`
--
ALTER TABLE `migrations`
  ADD PRIMARY KEY (`id`);

--
-- Indexes for table `movies`
--
ALTER TABLE `movies`
  ADD PRIMARY KEY (`id`);

--
-- Indexes for table `posts`
--
ALTER TABLE `posts`
  ADD PRIMARY KEY (`id`);

--
-- Indexes for table `sessions`
--
ALTER TABLE `sessions`
  ADD PRIMARY KEY (`id`),
  ADD KEY `sessions_user_id_index` (`user_id`),
  ADD KEY `sessions_last_activity_index` (`last_activity`);

--
-- AUTO_INCREMENT for dumped tables
--

--
-- AUTO_INCREMENT for table `books`
--
ALTER TABLE `books`
  MODIFY `id` bigint(20) UNSIGNED NOT NULL AUTO_INCREMENT, AUTO_INCREMENT=106;

--
-- AUTO_INCREMENT for table `category`
--
ALTER TABLE `category`
  MODIFY `id` int(11) NOT NULL AUTO_INCREMENT, AUTO_INCREMENT=4;

--
-- AUTO_INCREMENT for table `failed_jobs`
--
ALTER TABLE `failed_jobs`
  MODIFY `id` bigint(20) UNSIGNED NOT NULL AUTO_INCREMENT;

--
-- AUTO_INCREMENT for table `jobs`
--
ALTER TABLE `jobs`
  MODIFY `id` bigint(20) UNSIGNED NOT NULL AUTO_INCREMENT, AUTO_INCREMENT=11;

--
-- AUTO_INCREMENT for table `migrations`
--
ALTER TABLE `migrations`
  MODIFY `id` int(10) UNSIGNED NOT NULL AUTO_INCREMENT, AUTO_INCREMENT=8;

--
-- AUTO_INCREMENT for table `movies`
--
ALTER TABLE `movies`
  MODIFY `id` bigint(20) UNSIGNED NOT NULL AUTO_INCREMENT, AUTO_INCREMENT=12;

--
-- AUTO_INCREMENT for table `posts`
--
ALTER TABLE `posts`
  MODIFY `id` bigint(20) UNSIGNED NOT NULL AUTO_INCREMENT, AUTO_INCREMENT=8;
COMMIT;

